6)
-2
Evaluate (6 - 0) + -9 - -2.
-1
What is the value of -2 + -8 - (-26 - -22)?
-6
3 + (0 - (-3 + 7))
-1
(3 - 2) + (3 - -1)
5
What is the value of 9 + -7 + (0 - 0)?
2
Evaluate (3 - (4 - -7)) + 1.
-7
(1 + -5 + -3 - -4) + -1
-4
What is the value of -10 - 0 - (8 + -9)?
-9
-2 + 9 + 1 + -6
2
What is -1 - (5 - (-5 - (-11 + 1)))?
-1
Calculate 2 - 0 - -1 - 0.
3
What is (10 - 7) + 0 - 11?
-8
What is the value of 3 - ((-19 - -25) + 2 + -1)?
-4
What is 4 - (7 - 14 - -6)?
5
What is -9 - (8 + -6) - -4?
-7
What is -7 + (-2 - 1) + (2 - -4)?
-4
Evaluate 2 + -2 + (2 - 4).
-2
Calculate 3 + (2 - 3) - (-8 + 12).
-2
What is 3 + (3 - (0 + 8 - 3))?
1
Calculate 9 - ((5 - 1) + (-3 - -3)).
5
What is the value of 3 - ((7 - 9) + 0 + 9)?
-4
What is -5 - (-17 - -9) - 1?
2
1 + (7 - 19 - 1 - -5)
-7
8 - (6 + (3 - 6) + 1)
4
Evaluate -2 + 11 + -1 + -4.
4
(2 - (0 + 3)) + 2 - -4
5
Calculate -3 + (-8 - -8) - -9.
6
Evaluate -7 - -10 - (-2 + 8).
-3
Calculate -5 + -2 - (3 + 5 - 10).
-5
Evaluate 1 + (-4 - -1) + 1 + 5.
4
What is the value of 0 + (-2 - 0 - -1)?
-1
Calculate -3 - (2 - 3 - 2) - 4.
-4
What is -3 - -1 - (-7 - -1 - 1)?
5
Evaluate (1 - (1 + -4)) + (1 - 5).
0
Evaluate 6 + -2 + (1 - 3).
2
Evaluate 7 + -5 + -6 + 1 + 0.
-3
What is -47 - -49 - (-2 + 8 + -2)?
-2
What is (-3 - -14) + (10 - 24)?
-3
What is the value of -21 - -25 - (0 - -8)?
-4
What is the value of 8 + -3 + -20 - -9?
-6
(-12 - (-8 + 2)) + 11
5
-4 - ((8 - 20) + 11)
-3
Calculate (0 - (1 + 1)) + -15 + 17.
0
Evaluate -7 + -2 + (7 - -4).
2
What is 2 + -10 + 2 + (0 - -15)?
9
What is 0 - 8 - -9 - 3?
-2
Calculate -2 - 3 - (-3 + -5).
3
Evaluate 0 + -1 - (2 + (5 - 6)).
-2
What is the value of 5 + -5 + 5 + -4 - 2?
-1
Evaluate (2 + -3 - 1) + -3.
-5
Evaluate 4 - (1 - 4 - (7 - 9)).
5
What is -31 + 17 + (-2 - -11)?
-5
Calculate -4 - (-6 - (-5 - 0)) - -5.
2
What is the value of 8 + -11 + (-3 - -5)?
-1
What is -1 - -3 - (-1 + (-1 - -6))?
-2
What is (-2 - -1 - (-7 - -5)) + -6?
-5
What is -7 + 0 - (-8 + 2)?
-1
What is the value of (-4 + 8 - 4) + (-2 - -3)?
1
What is (-2 + 0 - (0 + 2)) + 1?
-3
Calculate 6 + -9 + -3 + 4 + -8.
-10
What is the value of (10 - 16 - -9) + -6?
-3
Evaluate -20 + (-5 - (11 - 28)).
-8
What is 14 + (-3 - 1) + -4?
6
Evaluate 7 + -6 + -18 + 13.
-4
What is the value of -5 - (-5 + 1) - (3 + -1)?
-3
Calculate (-2 - (-2 + 5)) + 5.
0
Calculate -1 + (-3 - -9) - -4 - 5.
4
What is the value of 2 + 1 - (17 + -27 + 8)?
5
Evaluate 1 - (-2 + 1) - -1.
3
What is -10 - (-4 - -7) - -10?
-3
What is 4 - 1 - (-13 + 12 + 7)?
-3
(4 - 0) + (-5 - (-5 - 0))
4
What is the value of (10 - 6) + -1 + 2?
5
What is the value of (12 - 1) + -12 - -1?
0
2 + -13 + (10 - 6)
-7
What is (3 - (-7 + 7)) + 2 + -1?
4
What is the value of 7 + (4 - 8) - 0 - -2?
5
What is -3 - (4 + 5 + -12) - -6?
6
Calculate 0 + 2 + 6 + -6 - -1.
3
10 + 5 - 12 - (-1 + 0)
4
Calculate (4 - 9 - -10) + 1.
6
What is the value of (4 - (4 + (-6 - -1))) + -1?
4
What is the value of (-2 - -4) + (0 - 1) + 1?
2
What is 6 + (10 - 18) - 4?
-6
Calculate -1 + 0 + 6 + -3.
2
4 + (-4 + -2 - 3)
-5
What is (-5 - (-2 + 1)) + (37 - 33)?
0
What is the value of 0 - 6 - (-8 + 0 - 2)?
4
What is 5 - 5 - (0 - 2 - 1)?
3
Evaluate 2 + -3 + (0 - -1) - -2.
2
Evaluate (-6 - 2) + 6 + 4.
2
What is the value of 1 - (-3 - (-4 - -3))?
3
What is the value of 10 + 1 + (2 - 7 - 3)?
3
Calculate -9 + (10 - 9) + 3.
-5
Evaluate -5 - (1 + 0 - (6 - -1)).
1
What is the value of -2 - (-1 - (8 - 6))?
1
Evaluate 1 + -3 + -2 + 3 + 1.
0
(1 + (2 - 0) - 3) + 0
0
Evaluate 176 - 170 - (1 + 12).
-7
What is the value of -1 + 7 - 7 - -8?
7
What is the value of 6 + -10 + 4 + 1?
1
Calculate -15 + 11 - 2 - -12.
6
What is the value of 8 + (-2 - -3) - (-4 + 5)?
8
Evaluate 15 + -16 - (0 + 1 + -2).
0
What is the value of 49 - 44 - (2 + 9)?
-6
What is the value of (-9 + 13 - -11) + -6 + -2?
7
3 + 8 + 10 + -13
8
What is 3 - (2 + -2 - -4) - 2?
-3
Evaluate -10 - -1 - (-1 + -3).
-5
-4 - (-5 + 0 + -2 + -3)
6
What is the value of 0 + 4 + -5 - -4?
3
Calculate -10 + 8 - (-4 - -4).
-2
Evaluate 0 + 4 + -3 + (-4 - -7).
4
6 + 5 + -5 - 5
1
Evaluate -16 - -15 - (0 - 1) - -8.
8
-2 + (9 - 0) + -1 - 6
0
What is 0 - ((-4 - -7) + -6)?
3
Calculate -20 - (-15 + 5) - -8.
-2
-3 - (-5 - -2) - -5
5
What is -4 + (-6 - (-5 + -6 - -2))?
-1
What is 1 + (-4 + -5 - -4)?
-4
Evaluate -5 - 0 - (-9 - (-18 - -14)).
0
What is the value of -8 + 2 + -2 + 1?
-7
Calculate -3 - -1 - (-3 - 0).
1
What is 0 - (-1 + 8) - 2?
-9
Calculate 0 + 2 - 1 - -4 - 3.
2
What is -2 - (-5 + 5) - 2?
-4
What is -1 - 0 - (3 - 9)?
5
Calculate 9 + -2 + -3 + (-1 - -2).
5
(0 - (1 + 1)) + 6 + -1
3
Evaluate 1 - 3 - (2 - -1).
-5
Evaluate (-4 - (3 + (-4 - 5))) + 2.
4
What is the value of -8 + 2 + 7 + -14 + 20?
7
Evaluate 5 + (3 + 2 - 9).
1
(1 + 5 - 2 - -1) + -1
4
What is 4 - (8 - 5 - -6)?
-5
What is the value of (-1 - -4) + -4 + (-4 - -6)?
1
What is 4 + (1 + -7 + 2 - 0)?
0
Evaluate -2 + (4 - (4 - 5)) + -3.
0
What is 7 + -10 + 1 + 3?
1
5 - (8 - (-4 - -10))
3
Calculate -1 - 5 - (13 + -13) - -5.
-1
Calculate -1 + 3 + -5 - -3.
0
Calculate 11 + (9 - 7) + -9.
4
(-7 - -1) + 14 - 13
-5
Calculate 4 - ((4 - 2) + 1 - -2).
-1
Evaluate 4 - (2 + -8 + 9).
1
What is the value of 14 - (11 + -2 + 3)?
2
What is the value of -1 + (3 - 4) + 0 + 3?
1
(123 - 119) + -10 + 0
-6
What is 0 - ((33 - 12) + -12)?
-9
Calculate (-4 - -2) + 2 + (-2 - -3).
1
Evaluate 1 + (7 - (6 - 3)) - 13.
-8
What is 3 + (-1 - 3) + (26 - 23)?
2
-1 + (-4 - -3) - -2
0
Calculate (5 - -2) + (-7 - 0) + -5.
-5
What is -8 + -17 + 12 + 4 + -1?
-10
Calculate -29 - -30 - (4 + 1).
-4
What is the value of 3 - 0 - (5 - 3) - -2?
3
Calculate 0 + (-8 - 2) + -4 + 9.
-5
Calculate (42 + -36 - (1 - -12)) + 12.
5
Calculate -3 + 1 + 4 + -7.
-5
4 + (-9 - (1 + -3)) + -1
-4
Evaluate 8 - (-1 + 7) - (7 + -3).
-2
Calculate (0 - 2) + (9 + -1 - 1).
5
Calculate 5 + -1 + -1 + (-1 - 1).
1
What is 8 - (13 - (4 + (-3 - -2)))?
-2
What is the value of -3 - (-2 - -14 - 8)?
-7
Calculate -21 + 2 - (7 - 19).
-7
Calculate (-7 - -2) + -3 + 16 - 2.
6
-9 - (-8 + 3 + 1)
-5
Evaluate -11 + (3 - -9) + -2.
-1
What is 6 + -7 - 5 - -6?
0
What is the value of 5 - (5 + -10 - -11)?
-1
Calculate 6 + 2 + (91 - 96).
3
Calculate -1 - (1 - 4 - -6) - -1.
-3
Calculate (-5 - -4) + (0 - 1).
-2
Evaluate 6 + -2 + (-5 - (0 + -5)).
4
Evaluate -4 + 2 - (2 - (2 - -1)).
-1
Calculate (1 - -3 - 0) + 2 + -2.
4
Calculate 2 + 0 + -10 + 6.
-2
0 + 3 - (-4 + 13)
-6
Evaluate (-1 - 2) + 6 + -7.
-4
7 - (7 - 1 - -6)
-5
-4 + (17 - 7) - 3
3
Evaluate -1 + 4 + (0 - 5) + 4.
2
-6 + -2 + (6 - -11 - 6)
3
What is the value of -2 + 5 + -7 + 1 - 1?
-4
Calculate (0 - (6 - 3)) + (5 - 6).
-4
What is the value of (3 - -12) + -10 - (-1 - -1)?
5
Calculate -3 + 2 + 2 + -2.
-1
Evaluate -4 + (-1 + 0 - -2) + -3.
-6
Evaluate 4 + (5 - (4 + 0)).
5
Calculate 7 + -5 + -1 - -2.
3
What is -5 - -9 - (-16 + 24)?
-4
-3 + 8 + (-9 - (-10 + 7))
-1
What is the value of -3 + -1 + (8 - -1)?
5
What is (6 - -16) + -9 - 6?
7
(-3 + 1 - -2) + -3
-3
What is the value of -5 + (10 + -4 - 2)?
-1
Calculate 1 + -7 + 36 + -27.
3
Calculate 44 - 41 - (-1 - -2).
2
Calculate -1 + (-5 - -11 - 3) - 1.
1
What is 5 - (3 - 1) - 0?
3
What is the value of -1 - (-5 - -4 - -3) - 0?
-3
What is the value of 9 - (-7 - (-3 - 7))?
6
(20 - 13) + (1 - (2 + 3))
3
What is the value of (-8 + 2 - -4) + (3 - -1)?
2
-14 + (31 - 16) - (-5 - 1)
7
Calculate -2 - (3 - (-2 - (-3 - 1))).
-3
What is the value of -9 + 0 + 11 + -4?
-2
What is -12 + 9 + -5 + 14?
6
What is the value of -4 + (2 - 8 - (2 - 11))?
-1
1 + -2 + (1 - 3)
-3
3 - (2 - -4) - 2
-5
Evaluate 9 + 5 + -14 + 2.
2
(-4 - -7 - 0) + (2 - 2)
3
What is -3 + -1 + (-2 - (-1 + -1))?
-4
Calculate 6 + -8 + -10 + 13.
1
What is (0 - 2) + 2 + (1 - 1)?
0
Evaluate -5 - -2 - -1 - (6 + -7).
-1
Calculate (-2 - (-4 + 4)) + 3 + -3.
-2
Calculate (0 + -5 - -6 - 1) + -3.
-3
Evaluate 2 - (1 - 0 - 3 - 0).
4
Calculate -4 - (3 - 9) - (-3 - 1).
6
What is the value of -8 + (1 - -3) + (0 - 0)?
-4
-1 + -1 - (3 - (3 + 2))
0
Evaluate -1 + 4 - 7 - -3 - 2.
-3
What is the value of 5 + (4 - (10 - 4)) + -2?
1
Evaluate (1 + -2 - -3) + -33 + 30.
-1
(-1 + -7 - 2) + 13
3
-3 + (1 + -6 - -3)
-5
1 + (1 - 3) - (23 + -21)
-3
Evaluate 8 + 6 + (-10 - 1) + 0.
3
What is the value of -7 + -11 + 13 + -2?
-7
-8 + (0 - -1) - (15 + -17)
-5
What is -3 + 7 - (4 - 7)?
7
What is 10 + 3 + 1 + -10?
4
What is the value o